e the greatest common factor of 4 and x.
4
Let j = -12 - -24. What is the greatest common divisor of 30 and j?
6
Let r = -51 + 16. Let f = -20 - r. Suppose 2*j = -0 + 6. What is the greatest common factor of f and j?
3
Suppose 5*w - 37*m = -39*m + 79, -58 = -4*w + m. Suppose 0 = -3*q - 0*q + 15. Calculate the greatest common factor of w and q.
5
Let o = 14 - -7. What is the greatest common divisor of o and 21?
21
Let v(s) = s**3 + 2*s**2 - 4*s - 1. Let t be v(-3). Suppose -3*z + 25 = 2*z. What is the highest common divisor of t and z?
1
Let h = 150 + -87. Suppose 0 = -4*x - 15 + h. Suppose 18 = v - 7*k + 4*k, 3*v + 3*k = -6. Calculate the highest common factor of v and x.
3
Let i = 97 - 69. Calculate the greatest common factor of 56 and i.
28
Let b(q) = -7*q - 10*q - q + 13 - q. Let g be b(-9). Calculate the greatest common factor of g and 23.
23
Let h = 78 + -77. Calculate the highest common divisor of 1 and h.
1
Let b be (-2 - 2)*(-4)/4. Suppose 0 = b*i - 72 + 8. Calculate the highest common divisor of i and 2.
2
Let f(b) = -b - 7. Let c(g) = g + 14. Let w(k) = 2*c(k) + 5*f(k). Let t be w(-6). What is the greatest common divisor of 1 and t?
1
Let c be (-1 - 10)/((-2)/24). Suppose 70*f - 60 = 65*f. Calculate the highest common divisor of f and c.
12
Let o(s) be the third derivative of s**6/120 - 7*s**5/30 + 2*s**4/3 - 2*s**3 + 5*s**2. Let f be o(13). Calculate the greatest common divisor of f and 18.
9
Let q = -44 - -63. Let s = 134 - 58. What is the greatest common divisor of q and s?
19
Let n(a) = a**2 + 3*a - 1. Suppose -t = 4*t - 3*s + 13, 5*s + 25 = -t. Let z be n(t). Let d be 6/z - (-68)/6. Calculate the highest common factor of 12 and d.
12
Let f be (-2010)/(-21) - 4/(-14). Let l = 28 + -12. What is the highest common divisor of f and l?
16
Suppose 0 = -3*g - 5*d + 44, 4*g - 4*d = -2*d + 76. Let j be 246/g - 2/(-6). What is the highest common factor of j and 14?
14
Suppose 4*f + 39 = -5*a - 56, 2*f - a + 65 = 0. Let q be -1*5*(-12)/f. Let y be q - -2*(-1 + 7). Calculate the greatest common factor of y and 2.
2
Let x = 38 - -34. What is the highest common factor of x and 108?
36
Suppose 6*w - 3*w + 30 = 0. Let z = w - -20. Suppose -3*a = -k - 270, -90 = -2*a + a + 2*k. Calculate the highest common divisor of z and a.
10
Let w(a) = a + 12. Suppose 0 = z + z. Let c be w(z). Calculate the greatest common divisor of 108 and c.
12
Suppose -43 - 2 = -m. What is the highest common factor of m and 5?
5
Let u(l) = l**2 - 247. Let r be u(0). Let x = r - -359. Suppose 17 = -4*a + 6*a - 5*z, a - 10 = 2*z. Calculate the highest common factor of a and x.
16
Suppose 5*p - 180 = -3*j, 2*p = p - 2*j + 36. Let d = -52 + p. Let c = d - -31. Calculate the highest common divisor of 3 and c.
3
Let w(s) = -s**2 + 8*s - 7. Let g be w(7). Let p = 78 + g. Calculate the greatest common factor of 13 and p.
13
Let j be ((-105)/(-9) - -2)*-36. Let o be 3*j/(-9) - -1. Suppose -5*p - 50 = -2*w - 2*w, p = -3*w + 47. Calculate the highest common divisor of w and o.
15
Let b = 50 + -20. Calculate the greatest common factor of b and 45.
15
Suppose 2*k = -2*k + 20. What is the greatest common divisor of k and 40?
5
Suppose 0 = -4*a - 0 + 16, -s + a = -1. What is the greatest common divisor of 20 and s?
5
Suppose -y - 7 = -2*h, -3*h = 2*y - 0*h - 21. Suppose c - 1072 = -4*c + 4*a, y*c + 5*a = 658. Calculate the greatest common divisor of 27 and c.
27
Let v be (-2)/(-7) + 3210/35. Suppose -x = 3*x - v. Calculate the greatest common divisor of x and 92.
23
Suppose d - 5*d = 4. Let l be 3*(-1)/d - 1. Suppose -u - 7*r + 110 = -l*r, -4*r + 108 = u. What is the greatest common factor of 20 and u?
20
Let s = 11 - 8. Let k = s - -6. What is the greatest common factor of k and 72?
9
Let p = 82 + -77. Calculate the highest common factor of 120 and p.
5
Suppose 4*y - 50 = -5*j, -3*j - 22 = -2*y - 4*j. Suppose -3*l + g + 14 = 0, -5*l + 4*g - y = -45. Calculate the greatest common factor of 21 and l.
3
Let r = 27 - 12. Suppose 5*d + 6*q - 2*q - 93 = 0, -3*q = -d + 30. Let x = d - r. Calculate the greatest common divisor of x and 12.
6
Let z = 219 - 113. What is the highest common factor of 53 and z?
53
Let w(o) = o**3 + 5*o**2 - 2*o. Let p be w(-5). Let y = -85 + 155. Calculate the highest common factor of y and p.
10
Suppose -3*b - 55 = 5*j, j + j - 22 = b. Let f be (b/(-12))/(1/18). What is the greatest common factor of f and 6?
6
Let y(k) = -k**3 - k + 62. Let p be y(0). Let a = p - -32. Let n = 134 - a. Calculate the greatest common divisor of 8 and n.
8
Suppose 3*p - 2*p - 3*c = -1, 2*p = 2*c + 6. Calculate the greatest common divisor of p and 50.
5
Let x = -110 + 56. Let v = 95 + x. Let h = 65 - v. Calculate the greatest common factor of h and 4.
4
Let a be (-1)/((-28)/26 + 1). Suppose u - i + 2*i = a, 2*u + i = 31. What is the highest common divisor of u and 45?
9
Let y(t) = -40*t. Let f be y(-1). What is the greatest common divisor of 40 and f?
40
Suppose 3*c + 15 = 5*c - f, -5*c + 3*f = -35. Calculate the greatest common factor of c and 25.
5
Let u = 3 - -27. Suppose p = -0*p + u. Suppose 65 = 5*g - 10. Calculate the greatest common factor of p and g.
15
Suppose -4*s + 5*d = -3, -3*s + 5*d - 2*d = -3. What is the highest common factor of s and 6?
2
Let z be 116*(-2)/(-16)*6. What is the greatest common divisor of 29 and z?
29
Let i(t) = -3*t + 1. Let m be i(2). Let z(w) = w**2 - 1. Let x be z(m). What is the greatest common factor of 36 and x?
12
Let k be 2/4 + 68/8. What is the highest common divisor of 1 and k?
1
Let p(x) = x**2 + 13*x + 4. Let c be p(4). Calculate the highest common divisor of c and 18.
18
Let m = 15 - 9. Let d = 4 + m. What is the greatest common factor of d and 70?
10
Suppose 2*f + c = 12, f + 2*c = -3 + 15. Let w(u) = -u**2 + 6*u - 5. Let a be w(f). Suppose -a*r - 770 = -8*r. What is the highest common divisor of r and 14?
14
Let x be (-3)/3 - -4 - -42. Suppose -x = -2*c - 3*c. What is the greatest common factor of c and 9?
9
Let t(i) = -i**3 - i - 123. Let k be t(0). Suppose -2*f + 5*d - 560 = -114, 0 = 4*f - 5*d + 872. Let m = k - f. What is the highest common divisor of m and 10?
10
Suppose -5*l = 4*x - 129, 2*l - 2*x - 27 = 21. What is the highest common divisor of l and 50?
25
Let t(c) = 8*c - 1. Let s be t(2). What is the greatest common factor of 15 and s?
15
Let j(x) = x**2 - 8*x + 16. Let m be j(7). Let c(t) = -2*t - 1. Let n be c(-1). Let a be (2 - 3)/n*-3. Calculate the highest common divisor of m and a.
3
Suppose -4*h + 21 + 51 = 0. Let u = 33 - h. Suppose -3*x = 2*v - 31, 57 = 2*x - 4*v + u. Calculate the highest common factor of x and 52.
13
Suppose 0 = -2*w - w + 75. What is the highest common factor of 5 and w?
5
Suppose 2*v + 3 - 33 = 0. Let y = v - 7. What is the highest common divisor of 2 and y?
2
Let b(n) = n**3 - 10*n**2 + 8*n. Let w be b(10). Calculate the greatest common factor of 16 and w.
16
Suppose -g + 1 = -0. Suppose -2*c = -3*t - g, 0*t = 3*c - 5*t + 1. Calculate the greatest common divisor of c and 8.
8
Let q be 2 + 51/((-9)/(-3)). Calculate the highest common divisor of 152 and q.
19
Suppose -3*l + 12 = l. Let t(m) = -l*m + 2*m - 6*m + 4. Let g be t(-3). Calculate the greatest common divisor of 5 and g.
5
Suppose -10 = 4*r - 50. Let s = r + 35. Calculate the highest common divisor of 5 and s.
5
Let q(w) = -w + 16. Let p be q(-4). Calculate the highest common divisor of p and 100.
20
Suppose 5*a - 446 = 3*f, -2*a + 2*f = -3*f - 186. Calculate the highest common factor of a and 22.
22
Let t = 11 + -9. Let a be (2 + -4)/(2/(-14)) + 0. What is the greatest common divisor of t and a?
2
Suppose 32 = q - 3*d, 3*q - 2*q + 3*d = 38. Suppose -4*x + 17 = -z - 42, 2*z + 6 = 0. Calculate the greatest common divisor of q and x.
7
Suppose -2*z - 5*n + 32 = 0, 0*n + 4*n + 80 = 5*z. Calculate the highest common factor of 128 and z.
16
Suppose 2*q + 4*a = 0, 3*q + 2*a = -q. Suppose q*k + 180 = 2*k. What is the greatest common factor of k and 36?
18
Let g be 2/(-9) - (-1192)/18. Let u be 2 + 0 + -3 + -3 + 10. What is the greatest common factor of u and g?
6
Suppose 9*f = 5*f + 256. What is the greatest common factor of 8 and f?
8
Suppose 0 = 2*c - 2 - 8. Let g = 11 - -14. Calculate the greatest common divisor of c and g.
5
Let y(q) = q**